is the tens digit of 6071?
7
What is the units digit of 13846?
6
What is the units digit of 1506?
6
What is the units digit of 18613?
3
What is the units digit of 1677?
7
What is the tens digit of 5966?
6
What is the hundreds digit of 839?
8
What is the units digit of 25988?
8
What is the tens digit of 15857?
5
What is the tens digit of 437?
3
What is the hundreds digit of 55479?
4
What is the tens digit of 213?
1
What is the hundred thousands digit of 136802?
1
What is the thousands digit of 3218?
3
What is the hundreds digit of 3363?
3
What is the tens digit of 266?
6
What is the units digit of 638?
8
What is the units digit of 107291?
1
What is the hundreds digit of 1996?
9
What is the units digit of 30804?
4
What is the tens digit of 8508?
0
What is the units digit of 20644?
4
What is the ten thousands digit of 26572?
2
What is the tens digit of 9765?
6
What is the thousands digit of 35430?
5
What is the tens digit of 11073?
7
What is the thousands digit of 50322?
0
What is the ten thousands digit of 100303?
0
What is the thousands digit of 1544?
1
What is the units digit of 597?
7
What is the tens digit of 11971?
7
What is the units digit of 17222?
2
What is the units digit of 754?
4
What is the hundreds digit of 408?
4
What is the thousands digit of 48098?
8
What is the tens digit of 1034?
3
What is the hundreds digit of 1885?
8
What is the hundreds digit of 505?
5
What is the units digit of 14377?
7
What is the units digit of 7506?
6
What is the thousands digit of 9777?
9
What is the thousands digit of 102848?
2
What is the tens digit of 1293?
9
What is the thousands digit of 5133?
5
What is the units digit of 20228?
8
What is the units digit of 14586?
6
What is the tens digit of 7259?
5
What is the tens digit of 119952?
5
What is the ten thousands digit of 32062?
3
What is the tens digit of 669?
6
What is the tens digit of 99585?
8
What is the hundreds digit of 2320?
3
What is the tens digit of 20244?
4
What is the tens digit of 15306?
0
What is the tens digit of 1955?
5
What is the units digit of 713?
3
What is the units digit of 193?
3
What is the units digit of 11137?
7
What is the tens digit of 103878?
7
What is the hundreds digit of 648?
6
What is the units digit of 613?
3
What is the units digit of 1723?
3
What is the hundreds digit of 165453?
4
What is the thousands digit of 163789?
3
What is the units digit of 75843?
3
What is the thousands digit of 24054?
4
What is the thousands digit of 112035?
2
What is the units digit of 3199?
9
What is the hundreds digit of 154347?
3
What is the thousands digit of 123811?
3
What is the hundreds digit of 64837?
8
What is the thousands digit of 41414?
1
What is the ten thousands digit of 64516?
6
What is the hundreds digit of 1176?
1
What is the units digit of 1425?
5
What is the thousands digit of 2436?
2
What is the units digit of 37474?
4
What is the hundreds digit of 52118?
1
What is the ten thousands digit of 10999?
1
What is the units digit of 96?
6
What is the hundreds digit of 8673?
6
What is the thousands digit of 23565?
3
What is the units digit of 321?
1
What is the units digit of 18930?
0
What is the hundreds digit of 281?
2
What is the ten thousands digit of 16931?
1
What is the thousands digit of 5519?
5
What is the units digit of 4910?
0
What is the tens digit of 4604?
0
What is the thousands digit of 3106?
3
What is the hundreds digit of 2830?
8
What is the units digit of 540?
0
What is the thousands digit of 9365?
9
What is the hundreds digit of 2670?
6
What is the tens digit of 4091?
9
What is the tens digit of 10929?
2
What is the tens digit of 2230?
3
What is the hundred thousands digit of 173080?
1
What is the units digit of 979?
9
What is the hundreds digit of 6821?
8
What is the units digit of 12058?
8
What is the tens digit of 689?
8
What is the thousands digit of 17367?
7
What is the units digit of 17965?
5
What is the tens digit of 1191?
9
What is the tens digit of 34892?
9
What is the ten thousands digit of 54266?
5
What is the units digit of 806?
6
What is the thousands digit of 76618?
6
What is the units digit of 5603?
3
What is the hundreds digit of 1024?
0
What is the hundreds digit of 694?
6
What is the thousands digit of 1682?
1
What is the tens digit of 38697?
9
What is the units digit of 10998?
8
What is the tens digit of 8726?
2
What is the ten thousands digit of 11193?
1
What is the hundreds digit of 176?
1
What is the thousands digit of 7502?
7
What is the thousands digit of 4854?
4
What is the units digit of 897?
7
What is the thousands digit of 3641?
3
What is the tens digit of 77871?
7
What is the hundreds digit of 8124?
1
What is the tens digit of 1302?
0
What is the units digit of 66835?
5
What is the tens digit of 40282?
8
What is the units digit of 28663?
3
What is the thousands digit of 33739?
3
What is the units digit of 14636?
6
What is the thousands digit of 13934?
3
What is the thousands digit of 8706?
8
What is the hundreds digit of 1436?
4
What is the thousands digit of 2119?
2
What is the units digit of 194?
4
What is the thousands digit of 43187?
3
What is the units digit of 5097?
7
What is the thousands digit of 1179?
1
What is the thousands digit of 130600?
0
What is the units digit of 990?
0
What is the tens digit of 4043?
4
What is the hundreds digit of 2863?
8
What is the units digit of 1003?
3
What is the units digit of 3753?
3
What is the units digit of 28864?
4
What is the tens digit of 18216?
1
What is the units digit of 1292?
2
What is the units digit of 3190?
0
What is the hundreds digit of 22980?
9
What is the units digit of 36887?
7
What is the tens digit of 3537?
3
What is the units digit of 78547?
7
What is the hundreds digit of 1510?
5
What is the tens digit of 641?
4
What is the tens digit of 4014?
1
What is the units digit of 1073?
3
What is the hundreds digit of 67315?
3
What is the hundreds digit of 21964?
9
What is the tens digit of 334?
3
What is the tens digit of 1258?
5
What is the thousands digit of 3313?
3
What is the thousands digit of 45948?
5
What is the units digit of 537?
7
What is the units digit of 7485?
5
What is the thousands digit of 1443?
1
What is the hundreds digit of 1630?
6
What is the units digit of 23727?
7
What is the tens digit of 3148?
4
What is the thousands digit of 79168?
9
What is the thousands digit of 34148?
4
What is the ten thousands digit of 81164?
8
What is the units digit of 189?
9
What is the thousands digit of 35703?
5
What is the tens digit of 42073?
7
What is the tens digit of 4449?
4
What is the hundreds digit of 47024?
0
What is the units digit of 41?
1
What is the hundreds digit of 105?
1
What is the hundreds digit of 81666?
6
What is the tens digit of 4494?
9
What is the units digit of 741?
1
What is the tens digit of 22020?
2
What is the units digit of 11597?
7
What is the units digit of 1524?
4
What is the hundreds digit of 2535?
5
What is the hundreds digit of 1095?
0
What is the hundreds digit of 10727?
7
What is the hundreds digit of 1765?
7
What is the units digit of 48726?
6
What is the tens digit of 1244?
4
What is the units digit of 8899?
9
What is the units digit of 5427?
7
What is the thousands digit of 1451?
1
What is the hundreds digit of 33435?
4
What is the thousands digit of 6243?
6
What is the units digit of 543?
3
What is the units digit of 1139?
9
What is the ten thousands digit of 51856?
5
What is the tens digit of 12004?
0
What is the units digit of 2940?
0
What is the thousands digit of 26925?
6
What is the hundreds digit of 13089?
0
What is the thousands digit of 62010?
2
What is the units digit of 918?
8
What is the units digit of 1118?
8
What is the thousands digit of 9421?
9
What is the thousands digit of 2451?
2
What is the units digit of 114?
4
What is the units digit of 962?
2
What is the thousands digit of 1147?
1
What is the ten thousands digit of 99571?
9
What is the hundreds digit of 3573?
5
What is the thousands digit of 2672?
2
What is the units digit of 19775?
5
What is the hundreds digit of 1275?
2
What is the thousands digit of 5944?
5
What is the units digit of 383?
3
What is the units digit of 810?
0
What is the units digit of 25072?
2
What is the units digit of 26355?
5
What is the ten thousands digit of 40880?
4
What is the unit